{"id":117,"date":"2023-09-12T16:35:30","date_gmt":"2023-09-12T14:35:30","guid":{"rendered":"https:\/\/www.visionthinx.de\/?page_id=117"},"modified":"2023-09-12T16:35:30","modified_gmt":"2023-09-12T14:35:30","slug":"transition","status":"publish","type":"page","link":"https:\/\/visionthinx.de\/?page_id=117","title":{"rendered":"Transition"},"content":{"rendered":"\n<p>Blog \u00fcber Klima, Energiewende, Verkehrswende und den Rest.<\/p>\n\n\n\n<p><strong>Klimakrise:<\/strong> Deswegen machen wir das Ganze. Weil wir (die  ganze Menschheit) sonst nicht mehr auf der Erde leben k\u00f6nnen. Alles umbauen, alles neu. Und vielleicht wird sogar was Besseres draus als das, was wir hatten.<\/p>\n\n\n\n<p>War ja schon l\u00e4nger klar, dass die Erderw\u00e4rmung irgendwann sp\u00fcrbar wird. Gemacht haben wir: Nichts. Jedenfalls nicht genug. Danke Frau Merkel, danke Union!<\/p>\n\n\n\n<h2 class=\"wp-block-heading\">Die menschengemachte Klimakrise<\/h2>\n\n\n\n<blockquote class=\"wp-block-quote is-layout-flow wp-block-quote-is-layout-flow\">\n<p><em>Die Kurzfassung: Durch das viele Verbrennen von fossilen Energietr\u00e4gern (Gas, \u00d6l, Kohle, Benzin) entsteht das Treibhausgas CO\u00b2. Davon wird die Erde w\u00e4rmer und das Wetter dreht durch<\/em>.<em> Das hat schon angefangen: Starkregen,  \u00dcberschwemmungen, D\u00fcrren, Waldbr\u00e4nde. Irgendwann k\u00f6nnen Menschen auf der Erde nicht mehr leben.<\/em><\/p>\n<\/blockquote>\n\n\n\n<p>Deshalb soll alles ge\u00e4ndert werden, was weiteres CO\u00b2 erzeugt: <strong>Energie<\/strong>, <strong>Bauen<\/strong>, <strong>Verkehr<\/strong>, <strong>Landwirtschaft<\/strong>.<\/p>\n\n\n\n<p>Das Wort &#8222;Krise&#8220; ist typisch deutsch, und eine wenig zweckdienliche Einstellung. Deshalb werden im Folgenden lieber die W\u00f6rter  &#8222;Wende&#8220; oder &#8222;Transition&#8220; benutzt. Das ist etwas, das bestehende Zust\u00e4nde besser macht und darauf kann man sich freuen.<\/p>\n\n\n\n<p><strong>Energiewende:<\/strong> Daf\u00fcr hat sich lange kaum jemand interessiert. Das hat sich mit den EVs ge\u00e4ndert. Auf einmal ist das Thema in aller Munde. Und die Entstehung von Energie  \u00e4ndert sich weltweit. Jetzt gerade.<\/p>\n\n\n\n<p><strong>Bauwesen: <\/strong>Zement und Stahl erzeugen bei der jetzigen Herstellung viel CO\u00b2.<\/p>\n\n\n\n<p><strong>Verkehrswende:<\/strong> Bei der CSU war zu erwarten, dass in Sachen Klima nichts passiert. Bei dem jetzigen Minister ist das eher erstaunlich. Weltweit passiert etwas wegen der Klimakrise. Jetzt gerade. <\/p>\n\n\n\n<p>Bei uns passiert: nichts. Und die FDP propagiert eFuels. Dabei hat inzwischen gef\u00fchlt jeder vorgerechnet, dass das nicht geht. Aber die Liberalen halten wider besseres Wissen daran fest und erz\u00e4hlen den Leuten, sie m\u00fcssten nichts an ihren Verbrenner-Autos \u00e4ndern; die &#8222;Bestandsflotte&#8220; w\u00fcrde ja mit eFuels automatisch entkarbonisiert. Rechnet da keiner?<\/p>\n\n\n\n<p>Man muss kein Hellseher sein um vorauszusagen, dass das vor Gericht landet. Die Frage ist nur, wer zuerst klagt: ein Umweltschutzbund, weil Verkehr mal wieder seine Einsparungsziele rei\u00dft und keine  Anstalten macht, das \u00e4ndern zu wollen, oder ein Autohersteller, weil er langsam mal seine frisch entwickelten EVs verkaufen will. Durch &#8222;Dieselgate&#8220;ist das Image eh ramponiert. Mit der &#8222;Fortschrittspartei&#8220; geht das nicht.<\/p>\n\n\n\n<p><strong>EV:<\/strong> Electric Vehicle, Elektroauto<br>Der Elektromotor wird den  Verbrennungsmotor abl\u00f6sen (besserer Wirkungsgrad, Getriebe f\u00e4llt weg, kein L\u00e4rm, keine Abgase), wogegen die Batterie gegen\u00fcber Benzin noch etwas Entwicklung braucht. Der Schwerpunkt verschiebt sich immer mehr zu den batterie-elektrisch betriebenen Fahrzeugen. Und die neue Ladestruktur w\u00e4chst und gedeiht. Allein das Umstellen des Auto-Verkehrs und des Warentransports an Land von Verbrennungs-motoren auf Elektromotoren senkt nicht nur den CO\u00b2-Aussto\u00df, sondern auch den Prim\u00e4renergiebedarf Deutschlands deutlich.<\/p>\n\n\n\n<p><strong>Energie-Speicher, Langzeitspeicher:<\/strong><\/p>\n\n\n\n<div class=\"wp-block-group has-global-padding is-layout-constrained wp-block-group-is-layout-constrained\">\n<p><strong>Flow-Batterien:<\/strong> f\u00fcr Langzeit-Speicher. Von mehrere Stunden bis mehrere Jahreszeiten.<\/p>\n\n\n\n<p><strong>Ambri:<\/strong> noch mehr Langzeit-Speicher. <a href=\"http:\/\/www.ambri.com\" data-type=\"link\" data-id=\"www.ambri.com\">www.ambri.com<\/a><\/p>\n\n\n\n<p><strong>HVDC:<\/strong> Starkstrom-Leitung zum \u00dcbertragen gro\u00dfer Strommengen \u00fcber weite Distanzen. Das geht auch \u00fcber tausende Kilometer. Statt unendlich viel Energie teuer zu speichern, kann man den ben\u00f6tigten Strom auch da kaufen wo gerade die Sonne scheint oder der Wind weht.<\/p>\n<\/div>\n\n\n\n<p><strong>Hydrogen: <\/strong> v\u00f6llig \u00fcbersch\u00e4tztes Atom, das keiner braucht, aber alle wollen. Liebling der \u00d6lindustrie.<\/p>\n\n\n\n<p><strong>Erdgas: <\/strong>Ist weder sauber noch &#8222;Br\u00fcckentechnologie&#8220;.<\/p>\n\n\n\n<p><strong>Amerikanisches LNG: <\/strong>gefracktes Erdgas, einmal \u00fcber den Atlantik geschippert.<\/p>\n\n\n\n<p><strong>LNG Terminals:<\/strong> Irgendwann haben wir genug.<\/p>\n","protected":false},"excerpt":{"rendered":"<p>Blog \u00fcber Klima, Energiewende, Verkehrswende und den Rest. Klimakrise: Deswegen machen wir das Ganze. Weil wir (die ganze Menschheit) sonst nicht mehr auf der Erde leben k\u00f6nnen. Alles umbauen, alles neu. Und vielleicht wird sogar was Besseres draus als das, was wir hatten. War ja schon l\u00e4nger klar, dass die Erderw\u00e4rmung irgendwann sp\u00fcrbar wird. Gemacht [&hellip;]<\/p>\n","protected":false},"author":1,"featured_media":0,"parent":0,"menu_order":20,"comment_status":"closed","ping_status":"closed","template":"","meta":{"footnotes":""},"class_list":["post-117","page","type-page","status-publish","hentry"],"_links":{"self":[{"href":"https:\/\/visionthinx.de\/index.php?rest_route=\/wp\/v2\/pages\/117","targetHints":{"allow":["GET"]}}],"collection":[{"href":"https:\/\/visionthinx.de\/index.php?rest_route=\/wp\/v2\/pages"}],"about":[{"href":"https:\/\/visionthinx.de\/index.php?rest_route=\/wp\/v2\/types\/page"}],"author":[{"embeddable":true,"href":"https:\/\/visionthinx.de\/index.php?rest_route=\/wp\/v2\/users\/1"}],"replies":[{"embeddable":true,"href":"https:\/\/visionthinx.de\/index.php?rest_route=%2Fwp%2Fv2%2Fcomments&post=117"}],"version-history":[{"count":0,"href":"https:\/\/visionthinx.de\/index.php?rest_route=\/wp\/v2\/pages\/117\/revisions"}],"wp:attachment":[{"href":"https:\/\/visionthinx.de\/index.php?rest_route=%2Fwp%2Fv2%2Fmedia&parent=117"}],"curies":[{"name":"wp","href":"https:\/\/api.w.org\/{rel}","templated":true}]}}